{"id":448,"date":"2014-05-06T10:40:45","date_gmt":"2014-05-06T07:40:45","guid":{"rendered":"http:\/\/tyokykyopas.samk.fi\/?page_id=448"},"modified":"2015-02-02T13:15:58","modified_gmt":"2015-02-02T11:15:58","slug":"linkkeja-muihin-oppaisiin","status":"publish","type":"page","link":"https:\/\/tyokykyopas.samk.fi\/?page_id=448","title":{"rendered":"<span style=\"color: #000000;\">T\u00e4ydennyst\u00e4 esimiehen ty\u00f6kalupakkiin<\/span>"},"content":{"rendered":"<p style=\"text-align: justify;\">Mit\u00e4 on hyv\u00e4 l\u00f6yty\u00e4 esimiehen \u201dty\u00f6kalupakista\u201d? T\u00e4h\u00e4n on paneuduttu Avaimia ty\u00f6kykyjohtamisen -koulutussarjassa, joka j\u00e4rjestettiin ensimm\u00e4isen kerran Porissa 2014. Ensimm\u00e4inen osa k\u00e4sitteli niit\u00e4 perusasioita<span style=\"color: #000000;\">, joita pakista on t\u00e4rke\u00e4\u00e4 l\u00f6yty\u00e4, esim. ty\u00f6kykyjohtamiseen liittyv\u00e4\u00e4 lains\u00e4\u00e4d\u00e4nt\u00f6\u00e4. Muissa koulutuksissa k\u00e4siteltiin muutosten tunnistamista ty\u00f6ntekij\u00f6iss\u00e4 (erityisesti uupumus, p\u00e4ihteet\/l\u00e4\u00e4kkeet ja mielenterveyden h\u00e4iri\u00f6t) ja vaikeiden asioiden puheeksi ottoa sek\u00e4 yhteisty\u00f6t\u00e4 verkostojen kanssa<\/span>.<\/p>\n<p>Materiaalit l\u00f6ytyv\u00e4t yl\u00e4valikon kohdasta <a href=\"?page_id=908\">l\u00e4hiesimieskoulutus<\/a><\/p>\n<h5>Linkkej\u00e4 muihin oppaisiin<\/h5>\n<p><strong>Esimies ty\u00f6hyvinvointia rakentamassa<\/strong> -opas on suositeltava perusteos. Tekij\u00e4t Ter\u00e4v\u00e4, K. &amp; M\u00e4kel\u00e4-Pusa, P. 2011. (PUNK hanke)<br \/>\n<a href=\"http:\/\/www.kuntoutussaatio.fi\/files\/575\/punk_esimiesopas_www.pdf\">http:\/\/www.kuntoutussaatio.fi\/files\/575\/punk_esimiesopas_www.pdf<\/a><\/p>\n<p style=\"text-align: justify;\"><strong>Pysyt\u00e4\u00e4n ty\u00f6ss\u00e4<\/strong> -sivustolta l\u00f6ytyy tietoa mm. ty\u00f6n mukauttamisesta (huom. yksityiskohtien ajantasaisuus kannattaa varmistaa esim. ty\u00f6terveyshuollosta):<br \/>\n<a href=\"http:\/\/d4.fi\/kirja\/index.php?option=com_content&amp;task=view&amp;id=18&amp;Itemid=78\">http:\/\/d4.fi\/kirja\/index.php?option=com_content&amp;task=view&amp;id=18&amp;Itemid=78<\/a><\/p>\n<p style=\"text-align: justify;\"><strong>VATES-s\u00e4\u00e4ti\u00f6n<\/strong> sivuilla <a href=\"http:\/\/www.vates.fi\/\">http:\/\/www.vates.fi\/<\/a> on tietoa my\u00f6s ty\u00f6h\u00f6nvalmentajista, joita voi k\u00e4ytt\u00e4\u00e4 asiantuntijoina ty\u00f6j\u00e4rjestelyihin ja tukien hakemiseen tai uuden paikan etsimiseen: <a href=\"http:\/\/www.tyohonvalmentaja.fi\/\">http:\/\/www.tyohonvalmentaja.fi\/<\/a><\/p>\n<p style=\"text-align: justify;\"><strong>Osaty\u00f6kykyisten ty\u00f6llist\u00e4misest\u00e4<\/strong> saa tietoa osoitteessa\u00a0<a href=\"http:\/\/www.tyomieli.fi\/\">www.tyomieli.fi<\/a><\/p>\n","protected":false},"excerpt":{"rendered":"<p>Mit\u00e4 on hyv\u00e4 l\u00f6yty\u00e4 esimiehen \u201dty\u00f6kalupakista\u201d? T\u00e4h\u00e4n on paneuduttu Avaimia ty\u00f6kykyjohtamisen -koulutussarjassa, joka j\u00e4rjestettiin ensimm\u00e4isen kerran Porissa 2014. Ensimm\u00e4inen osa k\u00e4sitteli niit\u00e4 perusasioita, joita pakista on t\u00e4rke\u00e4\u00e4 l\u00f6yty\u00e4, esim. ty\u00f6kykyjohtamiseen liittyv\u00e4\u00e4 lains\u00e4\u00e4d\u00e4nt\u00f6\u00e4. Muissa koulutuksissa k\u00e4siteltiin muutosten tunnistamista ty\u00f6ntekij\u00f6iss\u00e4 (erityisesti uupumus,&hellip; <\/p>\n","protected":false},"author":1,"featured_media":0,"parent":0,"menu_order":7,"comment_status":"closed","ping_status":"closed","template":"","meta":{"footnotes":""},"class_list":["post-448","page","type-page","status-publish","hentry"],"_links":{"self":[{"href":"https:\/\/tyokykyopas.samk.fi\/index.php?rest_route=\/wp\/v2\/pages\/448","targetHints":{"allow":["GET"]}}],"collection":[{"href":"https:\/\/tyokykyopas.samk.fi\/index.php?rest_route=\/wp\/v2\/pages"}],"about":[{"href":"https:\/\/tyokykyopas.samk.fi\/index.php?rest_route=\/wp\/v2\/types\/page"}],"author":[{"embeddable":true,"href":"https:\/\/tyokykyopas.samk.fi\/index.php?rest_route=\/wp\/v2\/users\/1"}],"replies":[{"embeddable":true,"href":"https:\/\/tyokykyopas.samk.fi\/index.php?rest_route=%2Fwp%2Fv2%2Fcomments&post=448"}],"version-history":[{"count":73,"href":"https:\/\/tyokykyopas.samk.fi\/index.php?rest_route=\/wp\/v2\/pages\/448\/revisions"}],"predecessor-version":[{"id":1173,"href":"https:\/\/tyokykyopas.samk.fi\/index.php?rest_route=\/wp\/v2\/pages\/448\/revisions\/1173"}],"wp:attachment":[{"href":"https:\/\/tyokykyopas.samk.fi\/index.php?rest_route=%2Fwp%2Fv2%2Fmedia&parent=448"}],"curies":[{"name":"wp","href":"https:\/\/api.w.org\/{rel}","templated":true}]}}