{"id":17,"date":"2014-03-03T20:16:29","date_gmt":"2014-03-03T18:16:29","guid":{"rendered":"http:\/\/tyokykyopas.samk.fi\/?page_id=17"},"modified":"2014-11-21T14:34:52","modified_gmt":"2014-11-21T12:34:52","slug":"opas","status":"publish","type":"page","link":"https:\/\/tyokykyopas.samk.fi\/?page_id=17","title":{"rendered":"<span style=\"color: #000000;\">Reagoi ajoissa<\/span>"},"content":{"rendered":"<p>Kun reagoit ty\u00f6kyvyn laskuun ajoissa, p\u00e4\u00e4set todenn\u00e4k\u00f6isemmin hyviin tuloksiin.<\/p>\n<p style=\"text-align: justify;\">Puuttuminen toisen ihmisen tilanteeseen ei ole aina helppoa, vaikka tarjous tuesta olisi tehty vilpitt\u00f6m\u00e4sti ja hyv\u00e4ss\u00e4 tarkoituksessa. Kun on huoli toisesta, on my\u00f6s oikeus ja velvollisuus reagoida.<\/p>\n<p style=\"text-align: justify;\">Puheeksi ottamiselle on olemassa hyvi\u00e4 k\u00e4yt\u00e4nt\u00f6j\u00e4 ja ty\u00f6yhteis\u00f6ss\u00e4 on luontevia tilaisuuksia ottaa asioita puheeksi ja reagoida tilanteen vaatimalla tavalla.<br \/>\n<br \/>\n<a title=\"Vaikeiden asioiden puheeksiottaminen\" href=\"https:\/\/tyokykyopas.samk.fi\/wp-content\/uploads\/2014\/09\/Vaikeiden-asioiden-puheeksiottaminenesitys.pdf\">Vaikeiden asioiden puheeksi ottaminen, varhainen puuttuminen ja kehityskeskustelut<\/a> -dioista l\u00f6yd\u00e4t tukea vaikean asian puheeksi ottoon.<\/p>\n<p>Katso my\u00f6s n\u00e4m\u00e4: <a title=\"Kehityskeskustelut\" href=\"https:\/\/tyokykyopas.samk.fi\/wp-content\/uploads\/2014\/11\/Kehityskeskusteluista.pdf\">Kehityskeskusteluista ja palautteen annosta<\/a><\/p>\n<p>ja <a href=\"http:\/\/www.stm.fi\/julkaisut\/nayta\/-\/_julkaisu\/1064993\">http:\/\/www.stm.fi\/julkaisut\/nayta\/-\/_julkaisu\/1064993<\/a><\/p>\n","protected":false},"excerpt":{"rendered":"<p>Kun reagoit ty\u00f6kyvyn laskuun ajoissa, p\u00e4\u00e4set todenn\u00e4k\u00f6isemmin hyviin tuloksiin. Puuttuminen toisen ihmisen tilanteeseen ei ole aina helppoa, vaikka tarjous tuesta olisi tehty vilpitt\u00f6m\u00e4sti ja hyv\u00e4ss\u00e4 tarkoituksessa. Kun on huoli toisesta, on my\u00f6s oikeus ja velvollisuus reagoida. Puheeksi ottamiselle on olemassa&hellip; <\/p>\n","protected":false},"author":1,"featured_media":0,"parent":0,"menu_order":3,"comment_status":"open","ping_status":"open","template":"","meta":{"footnotes":""},"class_list":["post-17","page","type-page","status-publish","hentry"],"_links":{"self":[{"href":"https:\/\/tyokykyopas.samk.fi\/index.php?rest_route=\/wp\/v2\/pages\/17","targetHints":{"allow":["GET"]}}],"collection":[{"href":"https:\/\/tyokykyopas.samk.fi\/index.php?rest_route=\/wp\/v2\/pages"}],"about":[{"href":"https:\/\/tyokykyopas.samk.fi\/index.php?rest_route=\/wp\/v2\/types\/page"}],"author":[{"embeddable":true,"href":"https:\/\/tyokykyopas.samk.fi\/index.php?rest_route=\/wp\/v2\/users\/1"}],"replies":[{"embeddable":true,"href":"https:\/\/tyokykyopas.samk.fi\/index.php?rest_route=%2Fwp%2Fv2%2Fcomments&post=17"}],"version-history":[{"count":66,"href":"https:\/\/tyokykyopas.samk.fi\/index.php?rest_route=\/wp\/v2\/pages\/17\/revisions"}],"predecessor-version":[{"id":1138,"href":"https:\/\/tyokykyopas.samk.fi\/index.php?rest_route=\/wp\/v2\/pages\/17\/revisions\/1138"}],"wp:attachment":[{"href":"https:\/\/tyokykyopas.samk.fi\/index.php?rest_route=%2Fwp%2Fv2%2Fmedia&parent=17"}],"curies":[{"name":"wp","href":"https:\/\/api.w.org\/{rel}","templated":true}]}}